 j and f?
59
Suppose 38*k - 291871 - 99149 = 0. What is the highest common divisor of k and 210?
210
Let a be 119*1 + (-2 - -2). Let k(w) = 8*w**2 - 174*w - 1593. Let x be k(-7). Calculate the highest common divisor of a and x.
17
Let q be ((-50)/10)/((-264)/(-267) - 1). Suppose g - 79 = -4*h, -5*h - q = -5*g - 0*h. Let s = 100 - g. What is the highest common factor of 104 and s?
13
Suppose 5*h = 2*i + 266, 4*h + i - 25 - 180 = 0. Suppose 5*d - 7 = -2*v, 6*v - 11*v + h = d. Let a = 252 + -175. What is the highest common divisor of v and a?
11
Suppose -3*i = 2*a - 85, 2*i + a - 4*a = 35. Let d be ((-12)/5)/(12/(-160)). Let k = d - i. What is the greatest common factor of k and 14?
7
Let j be (28/(-8))/(231/(-66))*(-1 - -10082). What is the highest common factor of 17 and j?
17
Let z = -28717 - -34918. What is the highest common divisor of 36 and z?
9
Let s = -7784 + 10574. What is the highest common factor of 180 and s?
90
Let g(k) = -17*k + 419. Let o be g(9). Let a(i) = 4*i + 14. Let j be a(6). Calculate the greatest common divisor of j and o.
38
Let r = 220 - 214. Suppose -5*c + y + 65 = 0, 5*y = -r*c + 5*c - 13. What is the highest common divisor of 48 and c?
12
Let v be (30 - 51)*(-31)/(-3). Let n = v + 223. Calculate the highest common divisor of 48 and n.
6
Let q(x) = 6*x**2 - 65*x + 306. Let m be q(9). Suppose -h = -3, -h - 36 - 7 = -2*v. Calculate the greatest common factor of v and m.
23
Suppose 0 = 28*m - 53*m + 56625. Calculate the highest common factor of 15 and m.
15
Let i be (60 - 3)*-1 + 0. Let x = i - -102. Let v(m) = 7*m**2 + 20*m + 72. Let s be v(-3). Calculate the highest common divisor of s and x.
15
Let l = -17559 - -28635. Calculate the highest common divisor of 71 and l.
71
Let h = 95 + -50. Let b = -51 + 7. Let i = b + 62. Calculate the highest common factor of h and i.
9
Let m(n) = -n**3 + 2*n**2 + 7*n + 12. Let h be m(0). Calculate the greatest common divisor of 108 and h.
12
Let h be -5 + (5 - 0) - -4. Suppose 3*c + 2*c = h*z + 1369, -2*z - 275 = -c. What is the highest common divisor of c and 21?
21
Suppose 12*r - 4*p = 14*r - 1084, 2*p + 2638 = 5*r. What is the highest common divisor of 1802 and r?
106
Let a = -1852 + 1868. Calculate the greatest common divisor of a and 8832.
16
Let b = -8255 - -11837. Calculate the highest common factor of 36 and b.
18
Let t = -6367 + 6442. What is the highest common factor of t and 48?
3
Let c(l) = -l**2 + 9*l - 5. Let n be c(8). Suppose n*k - 38 = -f, f + 2*k - k - 46 = 0. Suppose 5*i = 13 + 37. What is the highest common divisor of i and f?
10
Let v be (-42*(-14)/(-2))/(-1). Let h = 339 - v. Calculate the greatest common factor of 180 and h.
45
Let w be 12/(-6) - -5 - ((-9)/9 + -35). What is the highest common divisor of 1248 and w?
39
Suppose 5*h - 3 = -a, -2*a - 6 = -h - 4*a. Suppose -8 = -2*s + i - 2*i, s + 5*i - 22 = h. Suppose -s*p = -p - 7. What is the greatest common factor of 63 and p?
7
Let b be (34/255 + 1/5)*20*12. What is the greatest common factor of b and 560?
80
Let r(k) = 4*k**2 - 71*k + 540. Let x be r(18). What is the highest common divisor of x and 162?
18
Suppose n + 2*d + 60 = 5*n, -n + d + 13 = 0. Suppose 320 = -7*l - 9*l. Let i be 52/l + 2 + (-686)/(-10). Calculate the greatest common divisor of i and n.
17
Let a = -11594 - -11605. What is the highest common divisor of 26752 and a?
11
Suppose a + 1 = 2, -3*m + 2*a = -502. Suppose 0 = -s + 5*s - 280. Let g = s - 49. What is the highest common divisor of m and g?
21
Suppose 2*l = -5*r + 830, -3*l - 2*r + 1180 = -32. What is the highest common factor of l and 2680?
40
Let x(k) = 3*k**2 - 77*k + 39. Let h be x(24). Let v be 9/(h/28 - -3). Calculate the greatest common divisor of 1008 and v.
84
Let q(j) = -33*j**3 + 69*j**3 - 11 + 25*j - 23*j**2 - 35*j**3. Let r be q(22). Let x be 120/r + (-4)/22. Calculate the highest common factor of x and 10.
2
Let r be (135/(-20))/((-2)/(-8)). Let n(t) = -t + 17. Let a be n(r). What is the greatest common factor of a and 44?
44
Let u be (-327)/(-2) + (-135)/(-90). Suppose 28*n + u = 31*n. Calculate the greatest common factor of 44 and n.
11
Let n(l) = -l**3 - 6*l**2 + 10*l - 2. Let d be n(-9). Let v = 271 - d. Let s(q) = 4*q + 92. Let t be s(-13). Calculate the highest common divisor of v and t.
40
Suppose 19*x - 68627 = -11874. What is the highest common factor of x and 58?
29
Let p be 101 + (1/(-7) - 20/7). Suppose 3*b - p = b. Let o = b - 44. Calculate the greatest common divisor of 55 and o.
5
Let y = -279 + 781. Suppose -2*a - b = -199, -4*b = 7*a - 2*a - y. What is the highest common divisor of 56 and a?
14
Let u(t) = -9*t + 63. Let h be 2/((-42)/(-9)) + (-480)/(-105). Let c be u(h). Calculate the greatest common factor of 72 and c.
18
Suppose 2*x - 5*w - 34 - 1 = 0, w + 1 = 0. Let c(v) = -x - 16 + 45 - 12*v - v**2 + 3*v**2. Let y be c(7). What is the highest common divisor of y and 4?
4
Suppose 2*z + 2*x - 478 = 0, 0 = 2*z + z + 5*x - 719. Let i = -323 - -337. What is the highest common factor of i and z?
14
Suppose 0 = 80*n - 409393 + 70753. Calculate the greatest common divisor of 204 and n.
51
Let t = -176 - -173. Let j be t + 2905/40 + (-6)/(-16). What is the highest common divisor of 98 and j?
14
Let p(y) = 23*y + 7. Let r be p(-5). Let t = -31 - r. What is the greatest common divisor of t and 22?
11
Let j(o) = o**2 + 4*o. Let b be j(-3). Let l be (b - -6)*14/6. Suppose 0 = -l*z + 2*z + 50. What is the highest common divisor of 10 and z?
10
Let d(r) = r**3 - 5*r**2 - 7*r + 8. Let u be d(6). Let m(j) = 8*j - 48. Let a be m(11). Let z = -39 + a. Calculate the highest common factor of u and z.
1
Let v = 7194 - 6289. What is the greatest common factor of 25 and v?
5
Suppose 0 = -2*x - 3*n + 16, -16 = 2*n - 24. Suppose o - 233 = -2*s, 3*s - x*o = -0*o + 353. What is the highest common factor of 18 and s?
9
Let i = -194 + 192. Let h be (-3 - (-9911)/77) + i/(-7). Calculate the greatest common factor of 42 and h.
42
Suppose 0 = -6*h - 12 + 48. Let u be ((-51)/h)/((-4)/104). Let f = u + 35. What is the highest common factor of f and 32?
32
Suppose -k - 427 = -4*k + o, k - 149 = -o. Let x be -40*(7 - (-259)/(-35)). Calculate the greatest common divisor of k and x.
16
Suppose 0 = 9*b - 7*b - 4. Suppose 0*n - b*a - 16 = 3*n, -4*a = n + 2. Let l be 726/10 + (-3)/(-30)*n. Calculate the highest common divisor of l and 9.
9
Suppose 3*w - 19 = d - 6*d, -2*w + 4 = -d. Let g be w/(((-4)/(-84)*9)/1). What is the highest common divisor of 119 and g?
7
Let o = -289 + 5255. What is the highest common factor of o and 26?
26
Let a = -1039 - -1054. Let h = -32 + 37. Calculate the greatest common factor of h and a.
5
Let x = -120 - -265. Let n = x + -80. Let d = n - 15. Calculate the greatest common divisor of 20 and d.
10
Suppose -60*w + 58*w + 68 = 0. Let f(a) = -a - 4. Let k be f(-4). Suppose 2142 = -k*i + 7*i. What is the greatest common divisor of w and i?
34
Suppose -2*q + a - 2 + 30 = 0, 0 = 4*q - 5*a - 56. Suppose 766 = q*h - 466. What is the greatest common divisor of 220 and h?
44
Suppose -412 = -5*v - 3*c, 3*v + 11*c = 9*c + 248. What is the greatest common factor of 4720 and v?
80
Suppose 84*i - 86572 = 6164. Calculate the highest common factor of 40 and i.
8
Suppose -5805 = -7*b - 208*b. What is the greatest common divisor of b and 1971?
27
Let f(t) = -23*t - 26. Let c be f(-8). Let o = -102 + c. Calculate the highest common factor of 8 and o.
8
Let l = 11 - 10. Suppose -l + 433 = 6*p. Suppose 10*y - 58 - p = 0. Calculate the greatest common factor of 143 and y.
13
Let k(b) = b**3 + 12*b**2 - 12*b - 3. Let i be k(-9). Let q be (-228)/266 - i/(-14). What is the highest common factor of q and 192?
24
Suppose -a + 1848 = 2*w, w - 5*a + 347 - 1304 = 0. Calculate the highest common divisor of 1648 and w.
103
Let d(b) = -b**2 + 20*b - 12. Suppose y + 73 = 88. Let i be d(y). What is the greatest common divisor of i and 7?
7
Let n(g) = 2*g**2 + 6*g + 21. Let x be n(11). Let u = x - 164. What is the highest common divisor of u and 15?
15
Let m be 103 + 6/(-5)*(-110)/(-33). Let a = m + -3. What is the greatest common factor of 64 and a?
32
Let g = 65 - 62. Suppose o = -g*o + 16. Suppose -j + 37 = 5*d - o, 4*d + 4*j - 36 = 0. Calculate the greatest common factor of d and 16.
8
Su